et c(a) = -a**3 + 12*a**2 - 1. Calculate c(f).
-1
Let s(z) = 24 + 18 + 20 - 2*z - 69. Let r = -20 + 12. Give s(r).
9
Let c(y) = -5 - 17 + 1507*y - 1505*y. Determine c(19).
16
Let x(i) = i + 2. Let q(o) = o - 15. Suppose -5*n = -4*p + 6 + 2, 4*p - 8 = 2*n. Suppose -j + 5*v - v + 1 = n, -j - 2*v + 13 = 0. Let f be q(j). What is x(f)?
-4
Let p(k) be the third derivative of 5/24*k**4 - 2/3*k**3 + k**2 + 0 - 1/20*k**5 + 1/120*k**6 + 138*k. Let w = -1 + 4. Give p(w).
11
Suppose -4*y + 180 = 16*y. Let x(r) = 7*r + 65*r**3 - 127*r**3 + 61*r**3 + 3*r + 8*r**2 - 13. Calculate x(y).
-4
Let v(i) be the second derivative of -i**4/12 - 5*i**3/6 - 7*i**2 - 6355*i. Calculate v(-13).
-118
Let d = 471 + -397. Let s = d + -82. Let k(y) = -y + 2. Give k(s).
10
Let v(i) be the third derivative of i**4/24 - 7*i**3/6 + 5*i**2. Suppose 0 = -4*x + 6*z - 10*z + 12, -30 = -5*x - 2*z. Give v(x).
1
Suppose -s - 3*v = 1, 16 = 5*s + 3*v - 27. Let g(l) = -2*l + s*l - 8*l - 2*l + 7. Calculate g(-4).
11
Let u(d) = 5*d - 17. Let p(c) = 11*c - 33. Let v(q) = -6*p(q) + 13*u(q). Let i be v(-13). Let y(m) = m + 15. Give y(i).
5
Let d(r) be the third derivative of 1/20*r**5 - 103*r**2 - 1/24*r**4 + 0*r + 0 + 0*r**3. Calculate d(1).
2
Let u(i) = -i - 4. Let v be u(-3). Let f be 8/32*(16 + 0). Let d(z) = -1 + 0*z**3 + 0*z**2 + f*z**3 + 2*z**3 + z**2. Calculate d(v).
-6
Let f be (-2)/(-16) + (85/(-40) - (-43 + 30)). Let b(i) be the first derivative of -i**4/4 + 4*i**3 - 11*i**2/2 + 8*i - 1. Calculate b(f).
8
Let m(a) = 7 - 21 + 5*a**2 + 6 + a**3 + 13. Calculate m(-6).
-31
Let t(u) = 164 - 3*u - 597 + 188 + u**3 + 9*u**2 + 206. What is t(-9)?
-12
Let i(v) = v**3 + 7*v**2 + v + 4. Let o = 159 - 157. Suppose -h - 3*q = 21 - 23, 0 = -o*q + 6. Determine i(h).
-3
Let l(a) be the second derivative of a**4/12 - 5*a**3/6 - 4*a**2 - 86*a + 13. What is l(0)?
-8
Let m(k) = -k**2 + 7*k - 6. Suppose 22 = 4*a + p - 17, -3*p = -4*a + 43. Suppose a*h - 14 = 36. Calculate m(h).
4
Let k(x) = x**3 + 6*x**2 + 2*x + 23. Let v(j) = -2*j**3 + 90*j**2 + 3*j - 140. Let h be v(45). Determine k(h).
38
Suppose 0 = -4*c - 5 + 25. Suppose c*n - 3*s + 0 = -11, 0 = -2*s + 4. Let v(f) = -9*f**2 - 2*f - 1. Give v(n).
-8
Let v(m) be the second derivative of m**3/6 - 39*m**2/2 - m - 477. Calculate v(15).
-24
Let b(i) = 331 - 188 - 127 - 3*i. Give b(11).
-17
Let u(p) = p**2 + 22*p + 37. Let o be u(-2). Let l(v) = v**3 + 4*v**2 - 6*v - 18. Determine l(o).
9
Suppose 5 = -3*j - 4*c, -2*c + 5 = -j - 0*c. Let g(k) be the second derivative of 2*k**2 + 1/6*k**3 - 1 + k. Determine g(j).
1
Let v(g) = -g**2 + 5*g + 3. Suppose -2*i + 52 = -36*w + 34*w, -162 = 5*w + 3*i. Let c be (4 + 16/(-6))/((-8)/w). Calculate v(c).
3
Let q(r) = 6*r + 1. Let n(a) = -2*a + 6. Let t be n(0). Suppose 9*s - t = -33. What is q(s)?
-17
Let x be ((-27)/(-12))/((-195)/(-260)). Let j(a) = a**3 - 4*a**2 + 8*a - 4. Calculate j(x).
11
Suppose -11*k - 6*k = -1122. Suppose -57*w = -k*w - 18. Let d(o) = 2*o**2 + 2*o + 1. Determine d(w).
5
Suppose -3*o - 5*y = -29, 3*y + y - 28 = -4*o. Let i(w) = -w**3 - 4*w**2 - 8*w - 14. Let j be i(-4). Let d(z) = z - j + o*z + 22. What is d(-3)?
-8
Let l be -18 - (-20 + (-160)/(-8)). Let a(r) = r**2 + 15*r + 8. Give a(l).
62
Let p(w) be the second derivative of -11*w**3/6 - w**2/2 - 2*w + 208. Give p(10).
-111
Suppose -89 = -6*n + 25. Suppose -12*l + 28 = -n*l. Let z(r) = r**3 + 5*r**2 + 4*r + 1. Give z(l).
1
Suppose l = 3*l + 2. Let v(o) be the second derivative of o**5/10 - o**3/6 - o**2/2 - 110708*o. Determine v(l).
-2
Suppose -5*z + 4211 = 791. Let v(p) = 685 + 3*p**2 + p - z - 2*p**2. Calculate v(-3).
7
Let f(k) = -2*k - 12. Suppose -39*b = -40*b - 2*o - 12, 3*b - o + 8 = 0. What is f(b)?
-4
Let m(i) = -4*i**2 + 43*i + 112. Let z(y) = y**2 - 21. Let q(t) = -m(t) - 5*z(t). What is q(-43)?
-7
Let o(w) = -w**2 - 5*w + 6. Suppose 5*a + 3 - 8 = 0. Suppose q = p - 1, -4*p + a = -q - 0*q. Let t be -1*21/(3 - p). What is o(t)?
-8
Let n = 3912 - 3917. Let d(k) = -k**3 - 4*k**2 + 8*k + 13. Calculate d(n).
-2
Let f(m) = -6*m - 40. Let g(y) = -y - 8. Let p = 292 - 294. Let r(i) = p*f(i) + 11*g(i). Let a(n) = -2*n - 2. Let v be a(2). What is r(v)?
-14
Let j(c) = -10*c**3 + 3*c**2 + 3*c + 1. Let u = 816 + -817. Determine j(u).
11
Let a(f) be the first derivative of -4*f**3/3 + 2*f**2 + 54*f - 7606. What is a(-5)?
-66
Let l = 14845 - 14849. Let i(s) = 7*s**2 + 2*s - 6. Give i(l).
98
Let x(p) = -156*p + 1844. Let c be x(12). Let i(k) = k**3 + 28*k**2 + 4*k + 115. Determine i(c).
3
Let f(y) be the third derivative of y**6/120 - y**5/60 - y**4/24 + y**3/6 + 19*y**2 - 134. Suppose 2*o - 3*o - d = 3, -12 = -5*o + 4*d. Give f(o).
1
Suppose 0 = 7*n - 2*n + 2*z - 15, z - 5 = 0. Let m be n/(-6) + (-209)/(-66). Let k(c) = -c**2 - 4. What is k(m)?
-13
Let k(v) be the third derivative of -1/60*v**6 + 0 + 1/60*v**5 + v**2 + 0*v**4 + 1/6*v**3 + 2*v. Give k(2).
-11
Let n(y) = 3*y + 39. Let o = -102 - -90. Let l be n(o). Let x(c) = -3*c**2 + 5*c - 2. What is x(l)?
-14
Suppose -3*u = -3*x + 48, -x + 2*u + 36 = -3*u. Let m(l) = -7*l**2 + 4*l + 2. Let k(b) = -3*b**2 + 2*b + 1. Let n(g) = x*k(g) - 6*m(g). Calculate n(-1).
10
Let d(l) be the second derivative of -l**3/6 + 4*l**2 - l. Let h(p) = -107*p - 14*p**2 - 5*p**2 + 85*p + p**3 + 40. Let f be h(20). Calculate d(f).
8
Suppose -15 = 5*h + z, 0*h - 5*h - 15 = -z. Let c(s) = 4*s + 10. Let t(j) = -5*j - 7. Let i(m) = h*c(m) - 2*t(m). Calculate i(-7).
-2
Let x(g) be the first derivative of -g**4/4 + 11*g**3/3 - 7*g**2 - 16*g + 13173. What is x(8)?
64
Suppose -3*r + 5*x = -8, 8 = 7*r - 2*r - 3*x. Let t(b) = -2*b + 1. Let u(c) = -5*c - 5. Let i(h) = r*u(h) - 3*t(h). What is i(6)?
-2
Let t(g) = 4*g**2 + 24*g - 284. Let c be t(-12). Let q(b) = -8*b + 28. Calculate q(c).
-4
Let r(q) = -40*q - 6. Let s(l) = -360*l - 55. Let g(b) = 55*r(b) - 6*s(b). Let h be 0/1 - (-19)/19. Give g(h).
-40
Let g(x) = x**3 - 8*x**2 - 11 + 12*x + 4*x + 13 - 4*x. Let b be g(6). Let i(k) = -3*k**2 - 3*k + 1. What is i(b)?
-17
Let u(y) be the second derivative of y**5/20 - 7*y**4/12 - 5*y**3/6 - 2*y**2 - 441*y. Calculate u(7).
-39
Suppose 4*h - 5 = 5*d, 2*h + 3*h - 4*d = -5. Let r(p) be the third derivative of p**5/60 + p**4/3 - p**3 - 6*p**2. Give r(h).
-21
Let n(h) be the first derivative of -4*h**3/3 - h**2/2 - 8*h - 100. Let g(s) = -5*s**2 - 3*s - 9. Let q(t) = -2*g(t) + 3*n(t). Determine q(4).
-26
Let o(c) be the first derivative of 11*c**2/2 + 75*c - 940. What is o(-7)?
-2
Let x(n) = n**3 + n**2 + n - 1. Let g(c) = 2*c + 21. Let k = 633 - 643. Let o be g(k). Calculate x(o).
2
Let g(r) be the third derivative of -r**6/120 - 13*r**5/60 + 17*r**4/24 + 3617*r**2 - 2. Determine g(-14).
-42
Let s(l) = -5*l**2 - 7*l + 11. Let f(w) = -2*w**2 - 3*w + 5. Let v(p) = -7*f(p) + 3*s(p). Let k(u) = 2*u**3 - 5*u**2 + 2*u - 3. Let y be k(2). Determine v(y).
-11
Let i(g) = 29928*g**2 + 29927*g**2 - g**3 - g - 59851*g**2 - 2. What is i(3)?
4
Let c(t) = 2*t**2 - 6 + 8*t - 9*t**2 - t**3 + 0*t**2 - t**2. Let j = -58977 + 58968. Give c(j).
3
Let g(v) = -v + v + v + 1. Let s(q) = 64*q + 1416. Let t be s(-22). Give g(t).
9
Let r(i) = 3*i - 1. Let p(g) = -g**3 - 14*g**2 + 17*g + 32. Suppose -5*c + 4 = 79. Let y be p(c). Suppose 0 = y*l + 4. Calculate r(l).
-7
Let r(d) = -d**2 + 2*d + 1. Let u(m) = -m**2 + m - 1. Let n = -161 - -162. Let h(y) = n*r(y) - 2*u(y). Suppose -6 = 4*x - 6*x. Calculate h(x).
12
Let b(o) = 2*o**2 - 46*o + 115. Let j be b(20). Let a(t) be the third derivative of -t**2 + 0 - 1/60*t**5 + 0*t + 7/6*t**3 + 0*t**4. What is a(j)?
-18
Let i(b) = -b - 1. Let h(d) = 6*d + 3. Let n be h(0). Suppose 9*g - 972 = -n*g. Suppose 0 = -2*j - g + 75. Determine i(j).
2
Let r(a) = a**3 + 3*a**2 + 3*a - 1. Let z(p) = p**3 + p**2 + 2*p - 2. Let t = -240 + 245. Let l(s) = t*z(s) - 4*r(s). Calculate l(7).
-20
Let h(b) be the first derivative of 9/4*b**4 + 0*b + 0*b**3 + 14 - 1/2*b**2. What is h(1)?
8
Let u(h) = 10761*h + 39 + 16 - 10765*h. What is u(0)?
55
Let g be (1 + 19)*(-152)/(-95). Let f(x) = -14 - 2*x - 4*x**3 + 0*x + x**2 - 14 + g + 3*x**3. Calculate f(2).
-4
Let t(x) = -35*x + 41. Let n(z) = -12*z + 15. Suppose -46*k = -48*k + 12. Let f(d) = k*t(d) - 17*n(d). What is f(-4)?
15
Let m(b) = -3*b**2 + 19*b - 6. Let t be m(6). Let g(l) = 5*l + 10. L